t is the greatest common factor of 1820 and 39163670?
910
What is the greatest common divisor of 1584 and 4326960?
528
Calculate the greatest common divisor of 1362942 and 28.
14
What is the highest common divisor of 87078 and 3358?
46
What is the greatest common divisor of 219 and 2738011?
73
What is the highest common factor of 756266 and 2702?
14
Calculate the highest common divisor of 46729 and 921631.
563
Calculate the greatest common divisor of 71920624 and 20429.
659
What is the greatest common divisor of 105832941 and 1401?
1401
Calculate the greatest common factor of 3483 and 2049975.
27
Calculate the highest common factor of 75344736 and 12.
12
Calculate the highest common divisor of 55735004 and 5785.
1157
Calculate the greatest common factor of 5797 and 507625899.
5797
What is the highest common factor of 576823205 and 4445?
4445
Calculate the highest common divisor of 23774960 and 3520.
880
Calculate the highest common divisor of 286595 and 6355.
155
What is the greatest common divisor of 44008350 and 457950?
6450
Calculate the highest common divisor of 408 and 747034536.
408
What is the highest common factor of 254304 and 480?
96
Calculate the greatest common divisor of 2761 and 6034793.
251
What is the highest common factor of 892368 and 216?
72
What is the highest common factor of 662 and 11966974?
662
What is the highest common factor of 42 and 966126?
42
Calculate the highest common divisor of 7209609 and 77.
11
What is the greatest common divisor of 34711563 and 3?
3
What is the greatest common divisor of 416 and 6238999?
13
What is the highest common factor of 79356 and 27356036?
1556
Calculate the greatest common factor of 4913235495 and 3815.
3815
Calculate the greatest common factor of 91 and 46488.
13
Calculate the highest common factor of 779458 and 7808.
122
What is the highest common divisor of 43396540 and 220?
220
What is the highest common divisor of 253925 and 4970?
35
Calculate the greatest common divisor of 140 and 60274130.
70
What is the highest common divisor of 783 and 29709630?
261
Calculate the greatest common factor of 1087065 and 39627.
1071
Calculate the greatest common divisor of 11502431 and 742.
53
Calculate the highest common divisor of 2573975 and 1639.
149
What is the highest common divisor of 252 and 191604714?
42
Calculate the greatest common factor of 11928 and 2434803.
1491
Calculate the highest common divisor of 4631 and 3212.
11
Calculate the highest common divisor of 160097948 and 530.
106
What is the highest common factor of 6249669 and 38661?
789
What is the greatest common factor of 2259390 and 13659?
87
Calculate the greatest common divisor of 81390301 and 163.
163
Calculate the highest common factor of 5559 and 231189.
327
Calculate the greatest common divisor of 689591460 and 6990.
6990
Calculate the greatest common factor of 34170 and 45588810.
2010
What is the highest common divisor of 3485 and 1660050?
85
What is the greatest common divisor of 283608774 and 148?
74
What is the highest common factor of 147411 and 29159087?
1489
What is the greatest common factor of 1167488 and 25984?
896
Calculate the highest common factor of 61 and 1354261.
61
Calculate the greatest common divisor of 49194 and 3556544.
1822
Calculate the highest common divisor of 159 and 145644954.
159
What is the highest common factor of 7576566 and 9617?
163
What is the greatest common factor of 44447 and 14398631?
169
What is the highest common divisor of 2164 and 696366544?
2164
Calculate the highest common factor of 156759420 and 150860.
7940
What is the highest common divisor of 61920822 and 4482?
498
Calculate the greatest common factor of 9225 and 11571840.
1845
What is the greatest common divisor of 167899168 and 64?
32
Calculate the greatest common divisor of 354 and 19356.
6
Calculate the highest common divisor of 12508 and 5560396.
236
Calculate the greatest common divisor of 73800 and 1058136.
24
Calculate the highest common divisor of 10479 and 722053.
499
What is the highest common divisor of 68405594 and 10?
2
Calculate the highest common divisor of 60 and 5845944.
12
What is the greatest common factor of 1197 and 43307194?
133
What is the greatest common factor of 91692 and 60669?
81
Calculate the highest common factor of 218010 and 159960.
1290
Calculate the greatest common factor of 146372607 and 62.
31
Calculate the highest common factor of 20 and 23723470.
10
Calculate the highest common divisor of 706176850 and 10100.
5050
Calculate the greatest common factor of 236947932 and 8073.
2691
What is the highest common factor of 180 and 95517?
9
Calculate the greatest common divisor of 1884 and 190281174.
942
Calculate the greatest common factor of 1687664 and 2376.
88
Calculate the highest common factor of 555 and 36910719.
111
What is the highest common factor of 93 and 6580755?
3
What is the highest common divisor of 95238 and 5601?
3
Calculate the highest common divisor of 9175 and 6190.
5
What is the greatest common factor of 136469314 and 3310?
662
What is the highest common factor of 1854803588 and 8644?
8644
Calculate the highest common factor of 12371445 and 29637.
801
What is the greatest common factor of 1251948 and 15162?
2166
Calculate the greatest common factor of 58895240 and 200.
40
What is the highest common divisor of 806 and 16292081?
403
Calculate the highest common divisor of 408 and 37627092.
12
What is the highest common divisor of 186538 and 24047?
139
What is the greatest common divisor of 75096 and 421075788?
12516
Calculate the highest common factor of 678725 and 170.
85
Calculate the highest common divisor of 29975 and 8592034.
1199
Calculate the greatest common divisor of 2128 and 4912222.
266
What is the highest common divisor of 760 and 38339416?
152
What is the highest common divisor of 232554 and 16359?
21
Calculate the greatest common divisor of 197461 and 899.
29
What is the highest common divisor of 999973 and 26731237?
10309
What is the greatest common factor of 1208 and 385959624?
1208
Calculate the highest common divisor of 114 and 1327541742.
114
Calculate the greatest common divisor of 921 and 352764797.
307
Calculate the highest common divisor of 73 and 3967134557.
73
Calculate the greatest common divisor of 7879599 and 2528253.
7371
Calculate the greatest common factor of 17322361 and 371.
371
Calculate the greatest common factor of 11339 and 9326081.
493
What is the highest common factor of 12367 and 1727655?
149
Calculate the greatest common factor of 1033787361 and 5583.
5583
Calculate the greatest common divisor of 3009240 and 7800.
1560
Calculate the highest common factor of 64193 and 2714.
23
Calculate the greatest common factor of 4169375531 and 23.
23
Calculate the greatest common divisor of 548 and 458813.
137
What is the highest common factor of 121972836 and 6?
6
Calculate the greatest common factor of 230 and 235356125.
115
Calculate the greatest common factor of 66 and 19028966.
22
What is the greatest common factor of 364524933 and 291?
291
Calculate the highest common factor of 31169 and 36778.
71
Calculate the greatest common divisor of 1723363636 and 2804.
2804
What is the highest common divisor of 8320896 and 30756?
2796
What is the greatest common divisor of 50861 and 38734?
181
What is the highest common divisor of 148 and 48472?
4
What is the highest common factor of 96291 and 303038476?
10699
Calculate the highest common divisor of 630000 and 11736.
72
What is the highest common factor of 9707165 and 65?
65
What is the greatest common divisor of 55286 and 4273536?
718
Calculate the greatest common divisor of 91464 and 515040.
888
Calculate the greatest common divisor of 31605 and 31633380.
645
What is the greatest common divisor of 12943826 and 238?
14
Calculate the greatest common divisor of 17717863 and 533.
41
What is the highest common factor of 21379650 and 40250?
1150
Calculate the greatest common factor of 7521438 and 104784.
354
What is the highest common divisor of 30 and 110349490?
10
What is the greatest common divisor of 23896 and 43616?
232
Calculate the greatest common factor of 2002 and 3122812.
154
What is the highest common factor of 68899232 and 34?
34
What is the highest common factor of 337504 and 42387?
199
C